se 3, what is 222 - 12001120?
-12000121
In base 3, what is 222 + 100211012?
100212011
In base 4, what is 11 + -12331032?
-12331021
In base 7, what is -3 + -2215136?
-2215142
In base 3, what is 1101110101 - 12000?
1101021101
In base 14, what is -75 + -165?
-1da
In base 8, what is -26 - 3560?
-3606
In base 6, what is 1 + -12241430?
-12241425
In base 3, what is 1122011022 - -2221?
1122021020
In base 12, what is 19 + 17a50?
17a69
In base 10, what is -26686 + -3?
-26689
In base 15, what is -d22 - -6?
-d1b
In base 14, what is 833 - -5a?
88d
In base 9, what is -61 + -5434?
-5505
In base 6, what is -5 - 534?
-543
In base 11, what is -2180 + -562?
-2732
In base 11, what is -2 - 110573?
-110575
In base 16, what is d + 1a5?
1b2
In base 2, what is -10011110100 - 1?
-10011110101
In base 12, what is -3 + 183a0?
18399
In base 9, what is -2 - -136?
134
In base 11, what is -661 - -12?
-64a
In base 10, what is 71 - 7170?
-7099
In base 5, what is -220 + 33432?
33212
In base 11, what is -555a8 + -4?
-55601
In base 2, what is -100001 + 110011000101100?
110011000001011
In base 2, what is 100000001010 + -1011?
11111111111
In base 5, what is 301130 + -34?
301041
In base 15, what is -13 - -2a0c?
29e9
In base 11, what is -173 + -2692?
-2855
In base 3, what is 21011122 - 21?
21011101
In base 4, what is -212212303 - -10?
-212212233
In base 11, what is 441 + 1618?
1a59
In base 12, what is 0 - -3a58?
3a58
In base 10, what is -11468 + 31?
-11437
In base 13, what is -35326 - 5?
-3532b
In base 9, what is -582285 - 0?
-582285
In base 16, what is -1a + -1ad?
-1c7
In base 16, what is 4 + 1bcf0?
1bcf4
In base 2, what is 1110011010 + 110011?
1111001101
In base 10, what is 5 + 153731?
153736
In base 15, what is -197 - -21?
-176
In base 12, what is 541b3a + 0?
541b3a
In base 16, what is 4224 + -8?
421c
In base 2, what is -11 + -110111010100000?
-110111010100011
In base 16, what is -2 + f0d2c?
f0d2a
In base 16, what is 41 + -7a?
-39
In base 6, what is 243 - -3411?
4054
In base 10, what is 5 + -44966?
-44961
In base 4, what is -30 - 211300212?
-211300302
In base 9, what is 5 - -1561514?
1561520
In base 7, what is 116016 - -245?
116264
In base 5, what is -20 + 1131021?
1131001
In base 12, what is 23615 - 3?
23612
In base 3, what is -2 - 1011010201?
-1011010210
In base 11, what is 370 - -374?
734
In base 10, what is -40924 - 6?
-40930
In base 16, what is 41 - 40e?
-3cd
In base 15, what is -3377 + 2?
-3375
In base 6, what is 1231 - -1254?
2525
In base 11, what is -9 - -2507?
24a9
In base 11, what is -a + -40085?
-40094
In base 11, what is -2 + 14375?
14373
In base 8, what is -52167 + -2?
-52171
In base 9, what is -50 + 41237?
41177
In base 13, what is 93736 + -2?
93734
In base 9, what is 1017 + -2451?
-1433
In base 8, what is 420 + -4755?
-4335
In base 5, what is 11434 + 12223?
24212
In base 10, what is 4 - 6299?
-6295
In base 2, what is 1100111 + -10010000110?
-10000011111
In base 16, what is 1d7a - 22?
1d58
In base 7, what is 210414 + 5?
210422
In base 14, what is -174 - 1dd?
-373
In base 12, what is -85a9 - 1?
-85aa
In base 5, what is 320 - -12321?
13141
In base 10, what is 78444 - -5?
78449
In base 8, what is -11 - 415340?
-415351
In base 2, what is -1101111101110000 - 0?
-1101111101110000
In base 9, what is 2 - 11413?
-11411
In base 8, what is 17226 - 11?
17215
In base 10, what is 498 + 5?
503
In base 4, what is 3221 - -2202?
12023
In base 4, what is -13210 - -331?
-12213
In base 7, what is 4602615 + 4?
4602622
In base 12, what is 208959 + -2?
208957
In base 14, what is -2 - 2445a?
-2445c
In base 12, what is -5 + -a9259?
-a9262
In base 8, what is -6420 + -34?
-6454
In base 16, what is 315f + -2a?
3135
In base 6, what is -23 + 10410?
10343
In base 5, what is 142034 - -3301?
200340
In base 12, what is -b19bb3 + 0?
-b19bb3
In base 13, what is -392c28 + -3?
-392c2b
In base 8, what is -210 - -166?
-22
In base 11, what is -233 - 10895?
-11018
In base 15, what is -b8 + -c9?
-192
In base 5, what is -4 - -442040?
442031
In base 11, what is 172 - -16?
188
In base 11, what is 2 - 138638?
-138636
In base 2, what is 1000 - -101011001100?
101011010100
In base 6, what is -1100 - 34143?
-35243
In base 6, what is 12 - -255210?
255222
In base 3, what is -100011220111 - -2?
-100011220102
In base 2, what is -111100 - 11101001100010?
-11101010011110
In base 8, what is -542 + -12154?
-12716
In base 13, what is 5 - 15181?
-15179
In base 4, what is -32 - -211331113?
211331021
In base 9, what is 2301 + 6?
2307
In base 2, what is -10110100100000101010 + -101?
-10110100100000101111
In base 15, what is 89 - -1?
8a
In base 5, what is 2 + 3102123?
3102130
In base 11, what is -38 + 238?
200
In base 14, what is b8 + 100?
1b8
In base 5, what is 1003022 - 222?
1002300
In base 8, what is 5 - 651561?
-651554
In base 16, what is 265d - ea?
2573
In base 10, what is -2386 + 2?
-2384
In base 6, what is 2 - 3313452?
-3313450
In base 12, what is 6780 - 7?
6775
In base 4, what is -10001 + 2100?
-1301
In base 12, what is -49118 - -2?
-49116
In base 7, what is 43302444 - 1?
43302443
In base 10, what is -2 + 8432?
8430
In base 7, what is 513522 - 25?
513464
In base 10, what is 519 - -4877?
5396
In base 16, what is 104 - -2b?
12f
In base 16, what is -b17 - -2a?
-aed
In base 6, what is 10520 - 22?
10454
In base 8, what is -1 - 11156?
-11157
In base 7, what is 1310 - -3410?
5020
In base 12, what is -16 + 57b?
565
In base 8, what is -51760 - -26?
-51732
In base 15, what is 2a9 + -2cd?
-24
In base 11, what is 26944 + 50?
26994
In base 3, what is 11111 - -1011020?
1022201
In base 7, what is 2 + 232255?
232260
In base 10, what is -5 + 62634?
62629
In base 13, what is -12b912 - 5?
-12b917
In base 13, what is -9331 + 1?
-9330
In base 12, what is -64 - -82?
1a
In base 12, what is -6717 - -16?
-6701
In base 5, what is 14 + -203030?
-203011
In base 5, what is -113134 + 1202?
-111432
In base 4, what is 0 + 12202121?
12202121
In base 7, what is 10 + 12303?
12313
In base 16, what is 156 + -72?
e4
In base 8, what is 15770 + -12?
15756
In base 9, what is -1 - 34060?
-34061
In base 15, what is -69931 + 6?
-6992a
In base 6, what is -53300 + -34?
-53334
In base 15, what is 261 + 19?
27a
In base 11, what is -347 - 124?
-470
In base 7, what is -1322 + 3236?
1614
In base 10, what is 810 - 1230?
-420
In base 8, what is 120404 + 3?
120407
In base 4, what is -122223010112 - 11?
-122223010123
In base 4, what is 1230330003 + -1?
1230330002
In base 15, what is 0 + 409a?
409a
In base 5, what is -204401 - -10?
-204341
In base 6, what is 53 + 14104?
14201
In base 8, what is 27 + -307?
-260
In base 9, what is 5428 - -812?
6341
In base 7, what is -5540 - -1464?
-4043
In base 10, what is -2 - -86821?
86819
In base 4, what is -211 + 33120?
32303
In base 11, what is -37 + 2091a?
20893
In base 4, what is 232 - 200131?
-133233
In base 7, what is -4322 + 5506?
1154
In base 8, what is -2 + -70277?
-70301
In base 11, what is 73 + 3a0?
463
In base 15, what is -3 + 21?
1d
In base 5, what is -2310022 + 3?
-2310014
In base 2, what is -1011011101000010111 - 101?
-1011011101000011100
In base 11, what is -a7278 + -5?
-a7282
In base 16, what is 671 - -47a?
aeb
In base 13, what is 3 + -10c09?
-10c06
In base 7, what is 102050 + 2?
102052
In base 14, what is 1 + b027?
b028
In base 10, what is 1489 - -10?
1499
In base 13, what is -3 + 5b53?
5b50
In base 9, what is 1 - 18105?
-18104
In base 3, what is 2 + 1022110121?
1022110200
In base 10, what is -3084 - -9?
-3075
In base 4, what is 112 - 123?
-11
In base 13, what is 69c - 240?
45c
In base 4, what is 3 - 123012322?
-123012313
In base 10, what is -17 + 3121?
3104
In base 11, what is 112 - -1964?
1a76
In base 12, what is -319992 + -1?
-319993
In base 14, what is 2 + -469cd?
-469cb
In base 5, what is -1 + -224233?
-224234
In base 10, what is 4 + -56506?
-56502
In base 8, what is 2 + -11502?
-11500
In base 10, what is -15 + 52?
37
In base 8, what is -40 - 3610?
-3650
In base 15, what is a - c73?
-c68
In base 11, what is -1a - 775?
-794
In base 16, what is 3 + -135961?
-13595e
In base 6, what is 11101 + -11?
11050
In base 6, what is -14 - -1120?
1102
In base 5, what is -11031402 + -4?
-11031411
In base 16, what is 9b24 - -24?
9b48
In base 13, what is 3 - -1527b?
15281
In base 12, what is -5a + 162b?
1591
In base 10, what is -25 + 